 by 44.
43
Let u(z) = z**3 + 57*z**2 + 261*z + 24. What is the remainder when u(-6) is divided by 151?
143
Let k = -31 - -38. Suppose 5*c - 2*c + 3*z = -60, 0 = -3*z - 12. What is the remainder when k is divided by c/(-72) - 129/(-27)?
2
Suppose 2*h - 2*r = 100, 44 = h - r + 3*r. Calculate the remainder when 275 is divided by h.
35
Suppose 50 + 46 = 5*j + w, -3*j + 72 = -3*w. Suppose -113*q - 246 = -119*q. Calculate the remainder when q is divided by j.
1
Let w(q) = 49*q - 2658. Calculate the remainder when 1505 is divided by w(55).
25
Let a be (-8)/6*(-21)/14. Suppose 100 = a*j - 70. What is the remainder when j is divided by ((-324)/24)/((-3)/4)?
13
Let d = 159 + -155. Suppose y + 5*w = 5*y - 1052, d*y = w + 1036. What is the remainder when y is divided by 29?
26
Let l(z) = -z**3 - 8*z**2 - 5*z - 8. Let n be l(-6). Let f = 48 + n. What is the remainder when 27 is divided by 1/1*((-15)/(-3) - f)?
6
Suppose 3*l + 881 - 1562 = 3*a, -5*l - 5*a = -1125. Calculate the remainder when 897 is divided by l.
219
What is the remainder when 4405 is divided by -2*((10 - 13) + -26)?
55
Suppose 0 = -5*o + 5*h + 420, -3*h - 197 + 22 = -2*o. Calculate the remainder when 447/2 + 36/24 is divided by o.
71
Let c(r) = r**3 + r**2 - r + 78. Let v = 310 - 310. What is the remainder when c(v) is divided by 23?
9
Suppose -791 - 800 = -37*f. Calculate the remainder when 229 is divided by f.
14
Let q = 3936 + 429. What is the remainder when q is divided by 104?
101
Suppose 0*f + 2*f - 2*d = 370, -2*f = -5*d - 361. Let h = f + -76. Suppose -8*x + h = -4*x. What is the remainder when x is divided by 15?
13
Let g(m) = 16 + 26 + 3*m - 4*m - 6. What is the remainder when 45 is divided by g(9)?
18
Let x(m) = -4*m**2 - 60*m - 59. What is the remainder when 464 is divided by x(-13)?
14
Let c(q) = 2*q - 16. Let h be c(11). Let l(m) = 22*m + 2. Calculate the remainder when l(h) is divided by -2 - 13/((-26)/72).
32
Let k(j) = 10*j + 747. Calculate the remainder when k(-44) is divided by 182.
125
Suppose -3*g = -4*t - 179 - 62, -5*g - 5*t = -460. Calculate the remainder when 434 is divided by g.
86
Let a(i) = i**3 + 36*i**2 - 107*i + 428. Suppose -4*u + k + 27 = 0, -4*u + 55 = u + 3*k. What is the remainder when a(-39) is divided by u?
6
Suppose -55*n + 286 = -42*n. Suppose n*f - 20*f = 52. Calculate the remainder when 120 is divided by f.
16
Let z be 0/3*(-3)/6. Suppose z*l = -2*l, v - 3*l = 72. Let p = v - 36. Calculate the remainder when p is divided by 19.
17
Let z(x) = x - 6. Let t be z(5). Suppose 59 = -5*c - 3*m + 150, -c - 4*m = 9. What is the remainder when (1 - t)*2*22 is divided by c?
19
Let y = 1424 - 1383. What is the remainder when 4629 is divided by y?
37
What is the remainder when 387 is divided by (1235/(-39) + -10)*-3?
12
What is the remainder when 15955 is divided by 3/(66/(-550)) + 34?
7
Let w(t) = 35*t + 488. Calculate the remainder when w(-9) is divided by 22.
19
Calculate the remainder when 109 is divided by 25/(-3)*(54/(-40))/((-15)/(-20)).
4
Let i = 2200 - 1539. Suppose 35*t + 498 = 41*t. Calculate the remainder when i is divided by t.
80
Suppose 4*u + 157 - 29 = p, -p = -5*u - 135. What is the remainder when p is divided by 85?
15
Let i = 19590 - 19528. What is the remainder when 629 is divided by i?
9
Let o = 182 - 117. Suppose -2*x - 3 = -5, 2*k - 4*x - 2 = 0. Suppose l + 4*g = -2 + 3, -l - k = 5*g. What is the remainder when o is divided by l?
14
Let q = -4950 + 6045. What is the remainder when q is divided by 25?
20
Let o(r) = -2*r**3 - 10*r**2 + 10*r + 5. Let p(z) = 15*z**2 + 2*z + 9. What is the remainder when p(-2) is divided by o(-6)?
14
Calculate the remainder when 289 is divided by (860/(-70) + 4/14)*(-2178)/264.
91
Suppose -f + 160 = -4*a, f - 139 = 159*a - 162*a. What is the remainder when 273 is divided by f?
125
Let q(a) = -3*a**2 - 100*a - 686. What is the remainder when 472 is divided by q(-21)?
17
Let l(j) = j**3 - 46*j**2 + 171*j - 76. What is the remainder when 293 is divided by l(42)?
43
Suppose -4*j - 3*b + 412 = 0, j + 0*j - 4*b - 122 = 0. Suppose 24*n - 22*n = j. Calculate the remainder when n is divided by 5.
3
Let c(r) = 2*r**2 + 2*r + 2. Let u(l) = -11713*l**3 - 7*l**2 + 21*l + 2 + l**2 + 11714*l**3. Calculate the remainder when u(6) is divided by c(-4).
24
Let s be (50/(-1))/(2/(-4)). Let b = 111 - s. What is the remainder when 107 is divided by b?
8
Let n = 0 - -11. Let q be 0*1*(-6)/(-18). Suppose q = 2*y - h - 103, 3*h = -4*y + 52 + 129. What is the remainder when y is divided by n?
5
Suppose 2*b + 2*s - 46 = 0, 3*b - 7*b + 5*s = -128. Calculate the remainder when (249/(-3))/(4/(5 - 9)) is divided by b.
2
Suppose 0 = 2836*y - 2831*y - 1225. Calculate the remainder when 454 is divided by y.
209
Let t(g) = g**2 + 9*g - 20. Let w(p) = 14*p + 51. Let r be w(-5). Calculate the remainder when t(r) is divided by 44.
38
Let x be (16/6)/((-2)/99)*-6. Suppose -6*s = -x - 600. Calculate the remainder when s is divided by 26.
24
Let x(h) = 4*h**2 - 10*h + 12. Let c be x(6). Let v = c + -61. Let m = 1 - -17. Calculate the remainder when v is divided by m.
17
Suppose 10 = -2*a + 126. Let o = -1562 - -1602. Let l = a - o. What is the remainder when 70 is divided by l?
16
Suppose -49*n + 38*n = 55. Let l(k) = k**3 + 13*k**2 + 35*k - 7. Calculate the remainder when 67 is divided by l(n).
13
Calculate the remainder when 5*(-4 + 3 + 2) + 316 is divided by 78.
9
Let x(v) = -8*v + 53. Let b be x(7). Let m(l) = 30*l**2 + 16*l. Calculate the remainder when m(b) is divided by 16.
14
Suppose 0 = 5*k + 39 - 174. Let q be 8/(-6) - 3379/(-93). Calculate the remainder when k is divided by 150/q - (1 + 25/(-35)).
3
What is the remainder when -1 + (-2)/15 + 26068/210 is divided by 4?
3
Suppose 0 = 127*p - 153*p + 832. Suppose -141 = -3*k + 20*c - 23*c, k - p = 4*c. What is the remainder when k is divided by 17?
10
Suppose 936 = 18*j + 4*j + 56*j. Let c be (30/(-8))/(3/(-12)). Suppose 0 = 5*x + 15, -5*s + c = -3*s - 3*x. Calculate the remainder when j is divided by s.
0
Let a be (-57)/(6 - (-810)/(-132)). Suppose -a = -30*p + 8*p. What is the remainder when p is divided by 10?
9
Let v = 513 + -303. Let p = 217 - v. Calculate the remainder when 15 is divided by p.
1
Suppose 5*k = 45 - 20, 4*k = -3*n + 47. Suppose -528 = n*x - 12*x. What is the remainder when x is divided by 58?
2
Let j = 51 + -42. Let q = j - 23. What is the remainder when 10/((-23)/q + (-6)/4) is divided by 25?
20
Let z be 4/3*(9/2 + -3). Suppose 8 = -z*s, 0 = 4*j - 3*s - 16 - 16. What is the remainder when 19 is divided by j?
4
Let d = -288 - -434. Suppose 13624*u = 6905*u + 6882*u - 3423. Calculate the remainder when d is divided by u.
20
Let b(l) = -15*l - 1. Let h(g) = 2*g**3 + 10*g**2 - 5*g - 10. Let q = 54 + -59. Calculate the remainder when b(-4) is divided by h(q).
14
Suppose 5*s - 2*j + 40 - 185 = 0, 5*s = -3*j + 170. Suppose -2*h + s + 79 = 5*n, 2*h = n + 110. What is the remainder when h is divided by 14?
13
Let h(u) = 2*u**3 - 76*u**2 + 5*u - 132. Calculate the remainder when 462 is divided by h(38).
56
Let s(a) = -2*a**2 - 22*a + 2. Let x be (-8 + (-60)/(-8))*22. Calculate the remainder when 15 is divided by s(x).
1
Let l(z) = 3*z**3 + 24*z - 94. What is the remainder when l(6) is divided by 323?
52
Suppose 0 = 4*n + 63 - 635. Let w = -216 - -269. Calculate the remainder when n is divided by w.
37
Suppose 2*x - 3*g - 57 = 0, 2*x + 2*g + 57 = 99. Let l = -13 + 22. Calculate the remainder when x is divided by l.
6
Suppose 45 = -2*i + 217. Let a = -95 - -1. Let x = a - -139. What is the remainder when i is divided by x?
41
Let d be ((-233)/2)/(((-104)/16)/(-13)). Let p = d + 347. Calculate the remainder when p is divided by 17.
12
Let i(j) = -3*j**3 + 284*j**2 + 87*j + 1015. What is the remainder when i(95) is divided by 33?
24
Suppose 9*g - 60 = -3*g. Suppose d - 212 = -g*f, 650 = 3*d + 24*f - 23*f. Calculate the remainder when d is divided by 11.
8
Let a(t) = -3*t**2 - 13*t - 32. Let z be a(-9). Let k = -121 - z. What is the remainder when k is divided by 30?
7
Let t(w) = 2*w**2 + 34*w + 66. Suppose 74 = 4*l + 138. What is the remainder when 271 is divided by t(l)?
33
Let j = -3008 + 3075. Calculate the remainder when 332 is divided by j.
64
Let j = -279 + 301. What is the 